{"id":172,"date":"2023-10-23T18:12:47","date_gmt":"2023-10-23T18:12:47","guid":{"rendered":"https:\/\/tecnosoporteria.mx\/?post_type=product&#038;p=172"},"modified":"2023-10-23T18:12:52","modified_gmt":"2023-10-23T18:12:52","slug":"fresadora-aries","status":"publish","type":"product","link":"https:\/\/tecnosoporteria.mx\/index.php\/producto\/fresadora-aries\/","title":{"rendered":"Fresadora Aries"},"content":{"rendered":"<table dir=\"ltr\" border=\"1\" cellspacing=\"0\" cellpadding=\"0\">\n<tbody>\n<tr>\n<td data-sheets-value=\"{&quot;1&quot;:2,&quot;2&quot;:&quot;Tama\u00f1o de la mesa&quot;}\">Tama\u00f1o de la mesa<\/td>\n<td data-sheets-value=\"{&quot;1&quot;:2,&quot;2&quot;:&quot;10\\&quot; X 54\\&quot;&quot;}\">10\u2033 x 54\u2033<\/td>\n<\/tr>\n<tr>\n<td data-sheets-value=\"{&quot;1&quot;:2,&quot;2&quot;:&quot;Carrera longitudinal&quot;}\">Carrera longitudinal<\/td>\n<td data-sheets-value=\"{&quot;1&quot;:2,&quot;2&quot;:&quot;36\\&quot;&quot;}\">36\u2033<\/td>\n<\/tr>\n<tr>\n<td data-sheets-value=\"{&quot;1&quot;:2,&quot;2&quot;:&quot;Carrera transversal&quot;}\">Carrera transversal<\/td>\n<td data-sheets-value=\"{&quot;1&quot;:2,&quot;2&quot;:&quot;16\\&quot;&quot;}\">16\u2033<\/td>\n<\/tr>\n<tr>\n<td data-sheets-value=\"{&quot;1&quot;:2,&quot;2&quot;:&quot;Carrera vertical&quot;}\">Carrera vertical<\/td>\n<td data-sheets-value=\"{&quot;1&quot;:2,&quot;2&quot;:&quot;16\\&quot;&quot;}\">16\u2033<\/td>\n<\/tr>\n<tr>\n<td data-sheets-value=\"{&quot;1&quot;:2,&quot;2&quot;:&quot;Peso admitido sobre la mesa&quot;}\">Peso admitido sobre la mesa<\/td>\n<td data-sheets-value=\"{&quot;1&quot;:2,&quot;2&quot;:&quot;350kg&quot;}\">350kg<\/td>\n<\/tr>\n<tr>\n<td data-sheets-value=\"{&quot;1&quot;:2,&quot;2&quot;:&quot;Cono del husillo&quot;}\">Cono del husillo<\/td>\n<td data-sheets-value=\"{&quot;1&quot;:2,&quot;2&quot;:&quot;ISO-40&quot;}\">ISO-40<\/td>\n<\/tr>\n<tr>\n<td data-sheets-value=\"{&quot;1&quot;:2,&quot;2&quot;:&quot;Di\u00e1metro de la ca\u00f1a&quot;}\">Di\u00e1metro de la ca\u00f1a<\/td>\n<td data-sheets-value=\"{&quot;1&quot;:2,&quot;2&quot;:&quot;105 mm&quot;}\">105 mm<\/td>\n<\/tr>\n<tr>\n<td data-sheets-value=\"{&quot;1&quot;:2,&quot;2&quot;:&quot;Carrera del husillo&quot;}\">Carrera del husillo<\/td>\n<td data-sheets-value=\"{&quot;1&quot;:2,&quot;2&quot;:&quot;5\\&quot;&quot;}\">5\u2033<\/td>\n<\/tr>\n<tr>\n<td data-sheets-value=\"{&quot;1&quot;:2,&quot;2&quot;:&quot;Avance del Husillo&quot;}\">Avance del Husillo<\/td>\n<td data-sheets-value=\"{&quot;1&quot;:2,&quot;2&quot;:&quot;0.0015\\&quot;\/0.003\\&quot;\/0.006\\&quot;&quot;}\">0.0015\u2033\/0.003\u2033\/0.006\u2033<\/td>\n<\/tr>\n<tr>\n<td data-sheets-value=\"{&quot;1&quot;:2,&quot;2&quot;:&quot;Velocidades (16)&quot;}\">Velocidades (16)<\/td>\n<td data-sheets-value=\"{&quot;1&quot;:2,&quot;2&quot;:&quot;80-5440rpm&quot;}\">80-5440rpm<\/td>\n<\/tr>\n<tr>\n<td data-sheets-value=\"{&quot;1&quot;:2,&quot;2&quot;:&quot;Motor trif\u00e1sico&quot;}\">Motor trif\u00e1sico<\/td>\n<td data-sheets-value=\"{&quot;1&quot;:2,&quot;2&quot;:&quot;5 HP&quot;}\">5 HP<\/td>\n<\/tr>\n<tr>\n<td data-sheets-value=\"{&quot;1&quot;:2,&quot;2&quot;:&quot;Peso neto\/bruto&quot;}\">Peso neto\/bruto<\/td>\n<td data-sheets-value=\"{&quot;1&quot;:2,&quot;2&quot;:&quot;1280\/1500 Kg.&quot;}\">1280\/1500 Kg.<\/td>\n<\/tr>\n<tr>\n<td data-sheets-value=\"{&quot;1&quot;:2,&quot;2&quot;:&quot;Dimensiones de la maquina&quot;}\">Dimensiones de la maquina<\/td>\n<td data-sheets-value=\"{&quot;1&quot;:2,&quot;2&quot;:&quot;1905mm x 1879mm x 2235mm&quot;}\">1905mm x 1879mm x 2235mm<\/td>\n<\/tr>\n<\/tbody>\n<\/table>\n","protected":false},"excerpt":{"rendered":"<p>Ideal para desvastes pesados gracias a su cono ISO-40 el cual le permite arrancar m\u00e1s rebaba en menor tiempo. Recubrimiento de Turcite-B en las gu\u00edas del eje X y Y para evitar desgaste. Potente motor de 5 HP. Incluye sistema refrigerante y panel de control el\u00e9ctrico. No puede faltar en el tool room.<\/p>\n","protected":false},"featured_media":174,"comment_status":"open","ping_status":"closed","template":"","meta":[],"product_cat":[18],"product_tag":[],"class_list":{"0":"post-172","1":"product","2":"type-product","3":"status-publish","4":"has-post-thumbnail","6":"product_cat-servicios","8":"first","9":"instock","10":"shipping-taxable","11":"product-type-simple"},"_links":{"self":[{"href":"https:\/\/tecnosoporteria.mx\/index.php\/wp-json\/wp\/v2\/product\/172","targetHints":{"allow":["GET"]}}],"collection":[{"href":"https:\/\/tecnosoporteria.mx\/index.php\/wp-json\/wp\/v2\/product"}],"about":[{"href":"https:\/\/tecnosoporteria.mx\/index.php\/wp-json\/wp\/v2\/types\/product"}],"replies":[{"embeddable":true,"href":"https:\/\/tecnosoporteria.mx\/index.php\/wp-json\/wp\/v2\/comments?post=172"}],"version-history":[{"count":1,"href":"https:\/\/tecnosoporteria.mx\/index.php\/wp-json\/wp\/v2\/product\/172\/revisions"}],"predecessor-version":[{"id":175,"href":"https:\/\/tecnosoporteria.mx\/index.php\/wp-json\/wp\/v2\/product\/172\/revisions\/175"}],"wp:featuredmedia":[{"embeddable":true,"href":"https:\/\/tecnosoporteria.mx\/index.php\/wp-json\/wp\/v2\/media\/174"}],"wp:attachment":[{"href":"https:\/\/tecnosoporteria.mx\/index.php\/wp-json\/wp\/v2\/media?parent=172"}],"wp:term":[{"taxonomy":"product_cat","embeddable":true,"href":"https:\/\/tecnosoporteria.mx\/index.php\/wp-json\/wp\/v2\/product_cat?post=172"},{"taxonomy":"product_tag","embeddable":true,"href":"https:\/\/tecnosoporteria.mx\/index.php\/wp-json\/wp\/v2\/product_tag?post=172"}],"curies":[{"name":"wp","href":"https:\/\/api.w.org\/{rel}","templated":true}]}}